{"id":1935,"date":"2024-01-05T21:21:53","date_gmt":"2024-01-05T20:21:53","guid":{"rendered":"http:\/\/quantum.modlitwy24.pl\/?page_id=1935"},"modified":"2024-01-18T20:16:33","modified_gmt":"2024-01-18T19:16:33","slug":"narcyz","status":"publish","type":"page","link":"https:\/\/quantum.modlitwy24.pl\/?page_id=1935","title":{"rendered":"Narcyz"},"content":{"rendered":"<p><strong>Narcyz terapia, dlaczego nie warto:<\/strong><br \/>\n&#8211; Narcyz nie ma szczerej motywacji do zmiany<br \/>\n&#8211; Mo\u017ce manipulowa\u0107 psychologiem i faktami z waszego \u017cycia<br \/>\n&#8211; Nadal mo\u017cesz przez to do\u015bwiadcza\u0107 podwa\u017cania swoich przekona\u0144 i sposobu my\u015blenia<br \/>\n&#8211; Zdob\u0119dzie jeszcze wi\u0119cej informacji, kt\u00f3re wykorzysta przeciwko Tobie np. w s\u0105dzie<\/p>\n<p>&#8211; U narcyza partner jest w funkcji bycia dla niej, a nie \u017ceby uwaga i zaanga\u017cowanie by\u0142o w funkcji wzajemno\u015bci.<br \/>\n&#8211; brak empatii i poczucia winy<br \/>\n&#8211; silna manipulacyjno\u015b\u0107<br \/>\n&#8211; czar i urok osobisty, a przy tym ch\u0142\u00f3d emocjonalny<br \/>\n&#8211; brak brania odpowiedzialno\u015bci za swoje\u00a0 czyny<br \/>\n&#8211; silna koncentracja na sobie<\/p>\n<p>&#8211; kwestionowanie twoich uwag, podwa\u017canie fakt\u00f3w i zaprzeczanie<br \/>\n&#8211; nie potrafi spojrze\u0107 na sytuacj\u0119 z mojego punktu widzenia, nie jest w stanie odtworzy\u0107 co ja czuj\u0119<br \/>\n&#8211; k\u0142amstwa i wym\u00f3wki<br \/>\n&#8211; skupienie sie na swoich b\u0142\u0119dach, ignoruj\u0105c swoje w\u0142asne<br \/>\n&#8211; trzeba t\u0142umaczy\u0107 doros\u0142ej osobie podstawowe aspekty szacunku<br \/>\n&#8211; jestes jedyny, ktory dostrzega prawdziw\u0105 twarz osoby toksycznej (maj\u0105 mnostwo powierzchownych relacji tzw. transakcyjnych ktore daj\u0105 im zasilanie i spelniaj\u0105 ich potrzeby)<br \/>\n&#8211; powolne wyniszczanie&#8230; (krytykuje, wyszydza, n\u0119ka, ignoruje w otoczeniu osob trzecich) kawa\u0142ek po kawa\u0142ku umniejsza twojej inteligencji, umiej\u0119tno\u015bciom, powoduj\u0105c ze poczucie wlasnej wartosci jest zerowe.<br \/>\n&#8211; oczekuje, ze bedziesz jej czytal w myslach, a jesli sie nie domyslisz bedziesz skrytykowany<br \/>\n&#8211; por\u00f3wnywanie ciebie do innych w jej \u017cyciu<br \/>\n&#8211; ukryta przemoc<br \/>\n&#8211; osoba toksyczna jest calym twoim zyciem<\/p>\n<p>&nbsp;<\/p>\n<p><span class=\"style-scope yt-formatted-string\">&#8211; wszystko musi by\u0107 tak, jak oni chc\u0105<br \/>\n\ud83d\udccdspotkania z nimi \u0142ami\u0105 Twoj\u0105 psychik\u0119 i os\u0142abiaj\u0105 Twoj\u0105 pewno\u015b\u0107 siebie<br \/>\n\ud83d\udccdcz\u0119sto nadu\u017cywaj\u0105 s\u0142\u00f3w: histeryzujesz, przesadzasz, zazdro\u015bcisz, k\u0142amiesz<br \/>\n\ud83d\udccdswoj\u0105 warto\u015b\u0107 udowadniaj\u0105 przez krytykowanie innych<br \/>\n\ud83d\udccdnikt i nic nie jest wystarczaj\u0105ce dobre<br \/>\n\ud83d\udccdnie potrafi\u0105 przyzna\u0107 si\u0119 do b\u0142\u0119d\u00f3w<br \/>\n\ud83d\udccdnie szanuj\u0105 zdania innych, nie traktuj\u0105 powa\u017cnie Twojej odmowy<br \/>\n\ud83d\udccddewaluuj\u0105 Ciebie, Twoje potrzeby oraz Twoje problemy, poniewa\u017c uwa\u017caj\u0105, \u017ce ich sprawy s\u0105 wa\u017cniejsze<\/span><\/p>\n<p>Dlaczego wchodzimy w relacje z narcyzem?<\/p>\n<p>Chodzi o modelowanie, kt\u00f3re odbywa si\u0119 w latach 0-7 roku \u017cycia oraz w wieku adolescencji (10 a 20 lat). Mamy modelowane konkretne role przez naszych opiekun\u00f3w, konkretne typu os\u00f3b modeluj\u0105 nam dynamik\u0119, czym jest mi\u0142o\u015b\u0107, inne uczucia i emocje. Tworzy si\u0119 w nas okre\u015blony typ osobowo\u015bci, kt\u00f3ry jest nam po prostu znany, kt\u00f3ry wytworzy\u0142 si\u0119 w dzieci\u0144stwie w kt\u00f3rym wszystko przyjmujemy za prawd\u0119 i nie podwa\u017camy tego, bo w latach formatywnych nie ma jeszcze krytycznego my\u015blenia.<br \/>\nPodczas okresu modelowania mog\u0142e\u015b si\u0119 nauczy\u0107, \u017ce:<br \/>\n&#8211; przemoc jest czym\u015b naturalnym, jest akceptowaln\u0105 form\u0105 rzeczywisto\u015bci, jest drog\u0105 do manipulacji drug\u0105 osob\u0105<br \/>\n&#8211; przemoc s\u0142u\u017cy kontrolowaniu innych,<br \/>\n&#8211; przemoc s\u0142u\u017cy regulowaniu siebie, \u017ceby osi\u0105gn\u0105\u0107 wynik na kt\u00f3rym nam zale\u017cy w zale\u017cno\u015bci od tego co nam pokazywali rodzicie w dzieci\u0144stwie<br \/>\n&#8211; przemoc jest samoskuteczna, jest Twoj\u0105 stref\u0105 komfortu, no bo by\u0142a w dzieci\u0144stwie w latach w formatywnych wiec jest normatywna dla Ciebie, nie podwa\u017casz tego<br \/>\n&#8211; czujesz si\u0119 dobrze kiedy przemoc jest w Twoich relacjach, bo znasz zasady gry i wiesz co mo\u017ce zaraz nast\u0105pi\u0107 i nie musisz si\u0119 nad tym zastanawia\u0107 i jest do dla Ciebie bezpieczne. Dla EGO bezpiecze\u0144stwo jest bardzo wa\u017cne, jeste\u015b w swoim \u015brodowisku i to jest bezpiecze\u0144stwo<br \/>\n&#8211; nie czujesz si\u0119 zagubiony, masz kontrol\u0119<br \/>\n&#8211; przemoc s\u0142u\u017cy do regulowania siebie<\/p>\n<p>Narcyzm najcz\u0119\u015bciej pochodzi z podobnego \u015brodowiska i na g\u0142\u0119bokim poziomie bardzo dobrze Ci\u0119 rozumie<\/p>\n<p>&nbsp;<\/p>\n<p><strong>5 zda\u0144, kt\u00f3re zdenerwuj\u0105 narcyza:<\/strong><br \/>\n&#8211; jestem teraz zaj\u0119ty<br \/>\n&#8211; to nie jest wa\u017cne co m\u00f3wisz<br \/>\n&#8211; to twoja wina<br \/>\n&#8211; tylko ty tak my\u015blisz<br \/>\n&#8211; zegnam<\/p>\n","protected":false},"excerpt":{"rendered":"<p>Narcyz terapia, dlaczego nie warto: &#8211; Narcyz nie ma szczerej motywacji do zmiany &#8211; Mo\u017ce manipulowa\u0107 psychologiem i faktami z waszego \u017cycia &#8211; Nadal mo\u017cesz przez to do\u015bwiadcza\u0107 podwa\u017cania swoich przekona\u0144 i sposobu my\u015blenia &#8211; Zdob\u0119dzie jeszcze wi\u0119cej informacji, kt\u00f3re wykorzysta przeciwko Tobie np. w s\u0105dzie &#8211; U narcyza partner jest w funkcji bycia dla [&hellip;]<\/p>\n","protected":false},"author":1,"featured_media":0,"parent":0,"menu_order":0,"comment_status":"closed","ping_status":"closed","template":"page-templates\/full-width.php","meta":{"footnotes":""},"class_list":["post-1935","page","type-page","status-publish","hentry"],"_links":{"self":[{"href":"https:\/\/quantum.modlitwy24.pl\/index.php?rest_route=\/wp\/v2\/pages\/1935","targetHints":{"allow":["GET"]}}],"collection":[{"href":"https:\/\/quantum.modlitwy24.pl\/index.php?rest_route=\/wp\/v2\/pages"}],"about":[{"href":"https:\/\/quantum.modlitwy24.pl\/index.php?rest_route=\/wp\/v2\/types\/page"}],"author":[{"embeddable":true,"href":"https:\/\/quantum.modlitwy24.pl\/index.php?rest_route=\/wp\/v2\/users\/1"}],"replies":[{"embeddable":true,"href":"https:\/\/quantum.modlitwy24.pl\/index.php?rest_route=%2Fwp%2Fv2%2Fcomments&post=1935"}],"version-history":[{"count":5,"href":"https:\/\/quantum.modlitwy24.pl\/index.php?rest_route=\/wp\/v2\/pages\/1935\/revisions"}],"predecessor-version":[{"id":1958,"href":"https:\/\/quantum.modlitwy24.pl\/index.php?rest_route=\/wp\/v2\/pages\/1935\/revisions\/1958"}],"wp:attachment":[{"href":"https:\/\/quantum.modlitwy24.pl\/index.php?rest_route=%2Fwp%2Fv2%2Fmedia&parent=1935"}],"curies":[{"name":"wp","href":"https:\/\/api.w.org\/{rel}","templated":true}]}}